lculate the highest common factor of o and 154.
22
Let w = -4 + 9. Let t be (0 + (-1)/2)*0. Suppose w*y + 2*x - 56 = 0, -x - 7 = -y - t*x. Calculate the greatest common divisor of y and 60.
10
Suppose 3*x = -12, 3*m - 16 = 2*x + 94. Suppose -38 = -p + m. Calculate the highest common divisor of 8 and p.
8
Suppose -3*v = 2*v - 10. What is the greatest common divisor of 3 and v?
1
Let h(j) = -j**2 + 12*j + 12. Let o be h(11). What is the greatest common divisor of o and 23?
23
Let b be 73 - ((-48)/28 - 4/14). Calculate the greatest common divisor of 15 and b.
15
Let r(a) = a**2 + 2*a + 3. Let f = 1 + 7. Suppose 0 + f = -4*m. Let g be r(m). Calculate the highest common divisor of g and 3.
3
Suppose 0 = -d - v + 124, v + 376 = 3*d - 0*v. Let k(h) = -2*h + 13. Let l be k(-6). What is the highest common divisor of l and d?
25
Let b be (-60)/(-9)*(-12)/(-10). Let k be 90/(-3)*b/(-5). Suppose -10 = a + 5*c + 4, 4*a = c + 28. Calculate the highest common factor of a and k.
6
Let i(u) = 10*u**3 - 2*u + 1. Let v be i(1). Let x = -40 - -41. What is the highest common divisor of v and x?
1
Let z(j) = -4*j - 68. Let r be z(-23). What is the greatest common divisor of 6 and r?
6
Let c(w) = 10*w + 10. Let s be c(8). What is the highest common divisor of s and 15?
15
Let c = 7 + -10. Let p be (-2)/c - 183/(-9). What is the greatest common factor of p and 3?
3
Let q(j) = -4*j**2 - 43*j + 16. Let y be q(-11). Suppose -m - 140 = -5*m. Calculate the greatest common factor of m and y.
5
Let a = 5 - 7. Let v(x) = 4*x - 12*x - 2 - 7*x. Let m be v(a). Calculate the highest common divisor of 42 and m.
14
Suppose o - 4*p = 236, -5*p = -10*p + 20. Calculate the highest common factor of 28 and o.
28
Let q(p) = -9*p - 75. Let b be q(-9). Calculate the highest common factor of b and 6.
6
Suppose 3*z + 64 = 5*z. What is the greatest common divisor of 4 and z?
4
Let d(q) = 7*q**2 - 2. Let l(h) = 7*h**2 - h - 3. Let c(a) = 3*d(a) - 2*l(a). Let x be c(-2). What is the greatest common factor of x and 12?
12
Let a(n) = 0*n - 3*n + n + n**3 + 9 + n**2 + 5*n**2. Let c be a(-6). Let l(p) = p**2 - 3*p + 3. Let z be l(4). Calculate the highest common factor of c and z.
7
Let c(w) = 2*w - 4. Let i be c(3). What is the highest common divisor of 22 and i?
2
Suppose 8 = -3*l - 28. Let o = l - -21. Let a(s) = -10*s - 1. Let j be a(-1). What is the highest common divisor of o and j?
9
Let w(l) = 33*l**2 - 1. Let s be w(1). Suppose 232*d + 24 = 235*d. Calculate the highest common divisor of s and d.
8
Let y(d) = d**3 - 2*d**2 + 2*d - 1. Let g be y(3). Calculate the greatest common factor of g and 70.
14
Let v be 2/(2/19*1). Let o be 3/(-10) - 5139/(-30). What is the highest common factor of v and o?
19
Suppose -3*w + 20 = -w + 3*s, -5*w - 3*s + 41 = 0. Calculate the highest common divisor of w and 42.
7
Let s(k) = 2*k + 15. Let d be s(-5). What is the highest common divisor of d and 25?
5
Let q = 41 + 55. Let w(m) = m**3 - 6*m**2 - 2. Let x be w(6). Let t be 2/((-26)/(-12) + x). Calculate the greatest common factor of t and q.
12
Suppose -8 = -2*o - 2. Let t be o/6*(-12)/(-2). Suppose 48 = 3*s + 3*c, -3*s - c = t - 43. Calculate the highest common factor of s and 8.
4
Suppose -24 = -11*h + 9*h. What is the greatest common factor of 132 and h?
12
Let m be 24/(-1 - 0 - -3). What is the greatest common divisor of 108 and m?
12
Let p = -11 + 17. What is the greatest common factor of p and 54?
6
Let u be (-3 + 0)*-6*(-6)/(-9). Calculate the highest common factor of u and 84.
12
Let k be (-6)/(-5)*(-80)/(-6). Suppose -k = w - 5*w. What is the greatest common factor of 44 and w?
4
Let u = -342 - 47. Let r = 549 + u. Suppose r = 4*b - 104. Calculate the highest common divisor of 11 and b.
11
Suppose 0*g + 3*g - 6 = 0. Suppose 0 = c + g*c - 33. Let w(x) = x**3 + 5*x**2 + 4. Let d be w(-3). Calculate the greatest common divisor of c and d.
11
Suppose p = -4*p + 935. Calculate the greatest common divisor of p and 17.
17
Let n = 26 - -384. Suppose n = 4*v + 4*b - 150, 432 = 3*v - b. Suppose -t - y = -10, -2*y - 7 = -1. What is the highest common divisor of t and v?
13
Suppose -28 + 10 = -3*o. Let v be (-97 - -1)*o/(-8). Suppose -5*k = 3*u - v, 2*k + 2*u - 32 = -0*u. Calculate the highest common factor of k and 60.
12
Let p = 399 + -278. Let s = 8 + 3. Calculate the greatest common divisor of s and p.
11
Let d be 514/4 - (35/(-10) + 4). Calculate the highest common divisor of 16 and d.
16
Let l = 5 + 1. Let m be 88/l*(1 - -5). Let j be (3*-3)/(-1) + -1 + 3. Calculate the highest common factor of m and j.
11
Let v = -212 + 316. What is the greatest common factor of 8 and v?
8
Suppose -2 = -4*d + f + 10, -2*f = -2*d. Suppose -405 = -d*t + t. What is the highest common factor of 27 and t?
27
Suppose 2*h - h = 18. Let g be (-1)/((-1)/2) - 20. Let p be 2912/18 - 4/g. What is the highest common divisor of p and h?
18
Suppose 0 = -2*r + 5 + 3. Suppose -260 = -r*j + 160. Let n be 15/(1 + 2 - 2). What is the highest common factor of j and n?
15
Let x(q) = q**2 + 11*q - 10. Let n be x(-12). Suppose 4*b - 25 = -2*v + 29, n*b - 2 = 0. Calculate the greatest common divisor of v and 10.
5
Let y = 121 - 26. Suppose -23 = 5*x - 2*v - 221, -x = 3*v - 26. What is the highest common factor of y and x?
19
Let g(v) = -2*v**3 - 11*v**2 - 7*v + 7. Let c be g(-5). What is the greatest common divisor of c and 187?
17
Let d(b) = 3*b**2 + 11*b + 54. Let r be d(-6). What is the highest common factor of r and 128?
32
Suppose 2*s + 3*j = -3*s + 151, 3*j + 9 = 0. What is the greatest common factor of 4 and s?
4
Suppose 2*m = 2*q - m - 6, -4*q + 16 = -5*m. What is the highest common divisor of 18 and q?
9
Let l be ((-3)/(-9))/((-13)/(-1131)) - 7. Suppose -2*b + 3*b - 2 = 0. Let d be b/7 + (-150)/(-14). What is the greatest common divisor of d and l?
11
Let a be (-2)/(-9) + (-8995)/(-63) + -5. What is the highest common divisor of a and 23?
23
Suppose 15 = -4*r + 39. Calculate the greatest common factor of 6 and r.
6
Suppose 315 = -h + 4*h. Calculate the greatest common factor of h and 15.
15
Let v(j) = 9*j**3 - j**2. Let i be v(1). Calculate the highest common factor of i and 88.
8
Suppose 3*i + 82 = 2*z + 4*i, -5*z + 2*i + 196 = 0. Let a = 85 - z. Calculate the highest common factor of a and 18.
9
Let g(j) = 3*j**3 - 3*j**2 + 3*j - 2. Let w be g(4). Suppose -40 = -4*q + 16. Calculate the highest common factor of q and w.
14
Suppose o + 5*z - 45 = -2*o, z - 75 = -5*o. What is the highest common factor of o and 135?
15
Let c(h) = -h**2 + h - 1. Let p(x) = -3*x**2 - 3*x. Let k(t) = -5*c(t) + p(t). Let o be k(5). Calculate the greatest common factor of 3 and o.
3
Suppose 2*h - 153 = -25. Let a(c) = -3*c**3 + c**2 - c - 1. Let v be a(-2). Let p = 45 - v. Calculate the highest common factor of p and h.
16
Let p be 8*(-9)/(-6) + 3. Let h be 324/p - 4/(-10). Calculate the highest common divisor of 33 and h.
11
Suppose -4*i + 8*i = -3*p + 19, -4*p = 4*i - 16. Let c = i + -1. Let m be (c/(-5))/((-6)/100). What is the greatest common divisor of m and 140?
20
Let b = 22 - 8. Let j = b + 7. Calculate the highest common divisor of 7 and j.
7
Let m(o) = -o + 1 - o**3 - o**2 - 3*o**2 - 3*o. Let q be m(-3). Let s(u) = u + 4. Let p be s(q). What is the greatest common factor of p and 2?
2
Let r = 10 - 4. What is the highest common factor of r and 54?
6
Let u be (15/(-6))/((-4)/(-240)*-1). Calculate the highest common divisor of 50 and u.
50
Let p = 28 + -24. Suppose -p*w - 14 = -5*w. Calculate the highest common divisor of w and 14.
14
Let a(m) = 4*m - 5. Let b be a(5). Calculate the greatest common factor of 5 and b.
5
Let q be 0/(3/(0 + -3)). Suppose 3*w = -w + 3*y - 13, 2*w - 5*y + 3 = q. Let p = 7 + w. Calculate the greatest common factor of p and 27.
3
Suppose 0 = 2*a - 9 - 11. Calculate the greatest common factor of 30 and a.
10
Suppose 2*d + 36 = o, 2*d = -4*o - o + 168. Let r = o - 18. Suppose 5*u + 5*h - 35 = 0, 1 = h - 2. Calculate the highest common factor of u and r.
4
Suppose -4*l - l = -3*f - 125, 0 = f - 5. Suppose l = 4*a + 4. Let q be 3/a*4 - -97. What is the greatest common divisor of 9 and q?
9
Let m = 5 - -11. Let w = -8 + m. Let d = 164 + -162. What is the greatest common factor of d and w?
2
Let g = 3 + 1. What is the greatest